88063488?
4
What is the hundred millions digit of 386014737?
3
What is the tens digit of 1004764377?
7
What is the tens digit of 60922581?
8
What is the tens digit of 115082740?
4
What is the thousands digit of 4033921019?
1
What is the hundreds digit of 64769086?
0
What is the billions digit of 1778366038?
1
What is the thousands digit of 17244593?
4
What is the thousands digit of 227433866?
3
What is the hundred thousands digit of 875184514?
1
What is the hundred thousands digit of 29601100?
6
What is the hundreds digit of 133753474?
4
What is the billions digit of 4167237660?
4
What is the hundred millions digit of 5626031205?
6
What is the hundred millions digit of 958117481?
9
What is the billions digit of 3349287155?
3
What is the tens digit of 24588920?
2
What is the millions digit of 188012560?
8
What is the hundred thousands digit of 293429808?
4
What is the ten millions digit of 2581607113?
8
What is the ten millions digit of 75166458?
7
What is the hundreds digit of 51952903?
9
What is the units digit of 816246714?
4
What is the billions digit of 2107640893?
2
What is the hundred thousands digit of 16429549?
4
What is the hundred thousands digit of 28604882?
6
What is the hundreds digit of 2212422534?
5
What is the units digit of 842021041?
1
What is the tens digit of 73750844?
4
What is the units digit of 91113645?
5
What is the tens digit of 4361218755?
5
What is the thousands digit of 112367976?
7
What is the millions digit of 4348368775?
8
What is the hundred thousands digit of 1195904475?
9
What is the ten thousands digit of 49067598?
6
What is the hundreds digit of 481605309?
3
What is the hundred thousands digit of 24086277?
0
What is the tens digit of 1333069873?
7
What is the thousands digit of 17354786?
4
What is the ten thousands digit of 95718382?
1
What is the ten thousands digit of 76901438?
0
What is the hundreds digit of 452479255?
2
What is the units digit of 1196216?
6
What is the thousands digit of 154398240?
8
What is the hundred thousands digit of 1166302324?
3
What is the thousands digit of 227697430?
7
What is the thousands digit of 1905591460?
1
What is the millions digit of 10237246?
0
What is the ten thousands digit of 2966568475?
6
What is the hundred millions digit of 415720878?
4
What is the hundreds digit of 1389853809?
8
What is the hundreds digit of 26834093?
0
What is the tens digit of 288693861?
6
What is the tens digit of 365481172?
7
What is the hundred thousands digit of 44235249?
2
What is the millions digit of 88835895?
8
What is the millions digit of 8488809?
8
What is the millions digit of 766259714?
6
What is the units digit of 703970991?
1
What is the hundred thousands digit of 29748228?
7
What is the ten thousands digit of 495346135?
4
What is the millions digit of 834551209?
4
What is the millions digit of 19887639?
9
What is the units digit of 219708108?
8
What is the tens digit of 243646197?
9
What is the millions digit of 4147195778?
7
What is the hundred thousands digit of 204834651?
8
What is the ten millions digit of 149947481?
4
What is the ten millions digit of 454107022?
5
What is the millions digit of 161557226?
1
What is the hundred millions digit of 233277091?
2
What is the ten millions digit of 1550339664?
5
What is the millions digit of 2833238869?
3
What is the ten millions digit of 55207626?
5
What is the ten thousands digit of 11608548?
0
What is the millions digit of 206196664?
6
What is the thousands digit of 1066948209?
8
What is the thousands digit of 43481293?
1
What is the millions digit of 544484684?
4
What is the thousands digit of 1625062142?
2
What is the hundreds digit of 29154224?
2
What is the hundreds digit of 328203391?
3
What is the ten millions digit of 8887803553?
8
What is the ten millions digit of 88474147?
8
What is the thousands digit of 17973612?
3
What is the ten millions digit of 1446541451?
4
What is the units digit of 4095598999?
9
What is the hundred thousands digit of 238495265?
4
What is the hundred thousands digit of 40615234?
6
What is the ten millions digit of 274946059?
7
What is the hundreds digit of 777726945?
9
What is the millions digit of 4718851586?
8
What is the hundred millions digit of 832955040?
8
What is the units digit of 7168032716?
6
What is the hundred millions digit of 3351669534?
3
What is the hundreds digit of 1088737884?
8
What is the units digit of 2889922801?
1
What is the thousands digit of 43862111?
2
What is the tens digit of 24376648?
4
What is the ten thousands digit of 27910106?
1
What is the hundred thousands digit of 62329718?
3
What is the ten thousands digit of 4007542?
0
What is the tens digit of 329234883?
8
What is the millions digit of 186356621?
6
What is the hundred millions digit of 2901747395?
9
What is the tens digit of 33505961?
6
What is the ten thousands digit of 14122239?
2
What is the hundred thousands digit of 16828905?
8
What is the units digit of 2235512321?
1
What is the hundreds digit of 2347581020?
0
What is the hundreds digit of 10825442?
4
What is the hundred millions digit of 4210328264?
2
What is the hundred thousands digit of 4211179525?
1
What is the units digit of 368939739?
9
What is the ten millions digit of 14716847?
1
What is the hundred thousands digit of 32283210?
2
What is the hundred thousands digit of 100245470?
2
What is the tens digit of 174134239?
3
What is the hundred thousands digit of 134503067?
5
What is the thousands digit of 1308907099?
7
What is the hundred millions digit of 164304905?
1
What is the ten thousands digit of 558491655?
9
What is the hundred thousands digit of 38045524?
0
What is the hundred millions digit of 100679397?
1
What is the hundred thousands digit of 74361690?
3
What is the billions digit of 3668543188?
3
What is the millions digit of 27518338?
7
What is the thousands digit of 191664443?
4
What is the ten millions digit of 661228286?
6
What is the millions digit of 25073577?
5
What is the thousands digit of 42985117?
5
What is the hundred millions digit of 136174398?
1
What is the millions digit of 562686626?
2
What is the tens digit of 2218667810?
1
What is the ten millions digit of 65117277?
6
What is the hundred millions digit of 628222541?
6
What is the units digit of 75904690?
0
What is the ten millions digit of 131866644?
3
What is the thousands digit of 85139033?
9
What is the units digit of 41145328?
8
What is the units digit of 3555786120?
0
What is the millions digit of 1671287278?
1
What is the thousands digit of 1701227430?
7
What is the units digit of 1213363194?
4
What is the hundreds digit of 247536485?
4
What is the thousands digit of 476992813?
2
What is the hundred thousands digit of 225747862?
7
What is the tens digit of 288727862?
6
What is the hundred thousands digit of 90372545?
3
What is the hundreds digit of 192668721?
7
What is the thousands digit of 23589246?
9
What is the units digit of 115269558?
8
What is the ten millions digit of 230581415?
3
What is the hundreds digit of 2500065581?
5
What is the millions digit of 40004681?
0
What is the billions digit of 1775965927?
1
What is the tens digit of 91275615?
1
What is the tens digit of 276747067?
6
What is the ten thousands digit of 691249091?
4
What is the hundreds digit of 22194998?
9
What is the units digit of 58876012?
2
What is the millions digit of 117437133?
7
What is the units digit of 107598154?
4
What is the ten millions digit of 227689508?
2
What is the hundreds digit of 478603034?
0
What is the billions digit of 2802745185?
2
What is the ten thousands digit of 28311921?
1
What is the units digit of 1592433783?
3
What is the hundreds digit of 918226845?
8
What is the tens digit of 88190549?
4
What is the thousands digit of 388808066?
8
What is the hundreds digit of 8838503325?
3
What is the ten thousands digit of 5436236596?
3
What is the hundred thousands digit of 103058358?
0
What is the hundreds digit of 93159419?
4
What is the thousands digit of 143011651?
1
What is the hundred millions digit of 279290438?
2
What is the ten millions digit of 738584752?
3
What is the ten millions digit of 15669642?
1
What is the millions digit of 290170380?
0
What is the hundred millions digit of 353553627?
3
What is the ten thousands digit of 40873894?
7
What i